s the remainder when 362 is divided by p?
20
Let z(j) = 2*j**3 - 11*j + 1. Let g be z(4). What is the remainder when 201 is divided by g*(78/85 - (-14)/(-119))?
65
Let k be 10/3 - (-7)/(-21). Suppose 29 = -4*x + 2*u - 53, -3*x - 75 = k*u. Calculate the remainder when 0/(-2 - -1) - 1364/x is divided by 16.
14
What is the remainder when 14/(-77)*1 - 19/(209/(-8670)) is divided by 226?
110
Let t be 399/9 + (-8)/(-12) + 2. Suppose 0 = 5*z - 4*z - t. What is the remainder when 186 is divided by z?
45
Suppose 7*o - 476 - 91 = 0. Suppose 42 = 11*c - 8*c. What is the remainder when o is divided by c?
11
Suppose -4*a - 156*r + 154*r + 2658 = 0, 3*r + 1309 = 2*a. Calculate the remainder when a is divided by 314.
34
Let z(u) = u**3 + 6*u**2 - 10*u - 44. Let x = 80 - 86. Let f be z(x). Suppose t - 9*t = -f. Calculate the remainder when 8 is divided by t.
0
Let l be 3*1 + (-35 - -41). Let s = -4 + 7. What is the remainder when 59 is divided by (s/(-2))/(l/(-126))?
17
Let b = -35 - -50. Let m(h) = 4*h + 12. Let f be m(0). What is the remainder when (f/2)/2 + 26 is divided by b?
14
Suppose -2*c = p - 3264, -c - 4*p = 2*c - 4901. What is the remainder when c is divided by 8?
7
Let z be ((-1200)/125)/((-9)/(-60)). Calculate the remainder when -1 - -225 - (-55 - z) is divided by 12.
11
Let p(i) = 263*i + 1766. What is the remainder when p(6) is divided by 17?
12
Suppose -3*c - 880 = -2*f, 3*f - 8*f = -5*c - 2210. What is the remainder when f is divided by 18?
14
Let d = 9039 - 8979. Calculate the remainder when 7258 is divided by d.
58
Suppose 9 = 3*q, -4*u - 113*q + 110*q = -217. Calculate the remainder when 358 is divided by u.
46
Let m(z) = -z**3 - 20*z**2 - 19*z + 3. Let i be m(-19). Suppose i*l - 63 = -2*b, 0 = -3*l - l - 3*b + 85. Calculate the remainder when 283 is divided by l.
17
Suppose -12*t + 2*t = -50. Suppose -5*c - 180 = -t*p + 545, 5*p + 2*c = 725. What is the remainder when p is divided by 42?
19
Let r be 6/9 + 6916/3 + 4. Suppose 2292 = 4*q + 4*j, 0*q + 5*j + r = 4*q. Suppose 3*k + 2*k - q = 0. What is the remainder when k is divided by 39?
37
Suppose 64*b - 641 - 9983 = 0. What is the remainder when 1164 is divided by b?
2
Let x = -25 + 35. Suppose 2*k - 8 = 0, 86*j = 84*j - 5*k + 40. What is the remainder when (x/5)/(j/145) is divided by 5?
4
Suppose 11*t - 14*t = -147. Let k(u) = u**3 + 14*u**2 - 23*u - 25. What is the remainder when k(-15) is divided by t?
46
Let q = 235 + -219. Let l(n) = -11*n + 314. What is the remainder when l(-16) is divided by q?
10
Let q(f) = -17*f - 101. Let h be q(-7). Suppose 87 = -15*b + h*b. Calculate the remainder when b is divided by 7.
1
Let k = 10 + 8. Suppose -1366*m = -1369*m + 426. Calculate the remainder when m is divided by k.
16
Suppose -214 = -2*d - 39*s + 38*s, -4*d + 418 = 7*s. What is the remainder when 909 is divided by d?
45
Let r = -42 - -47. Suppose v - 31 = -2*d + 127, -5*v = -r*d + 425. Calculate the remainder when d is divided by 13.
3
Suppose 2*t + 528 = 4*j, -4*j - 36*t + 536 = -34*t. What is the remainder when j is divided by 46?
41
Let t = -663 - -752. Suppose 2 = -n, -3*n = -2*h - 21 + t. What is the remainder when 149 is divided by h?
25
Let z(q) = q**3 - 37*q**2 + 50*q - 87. Let x be z(36). Let l = x - 369. What is the remainder when l is divided by 4?
0
Let x(r) = -564*r - 3329. What is the remainder when x(-13) is divided by 11?
10
What is the remainder when -7 - (-293 + 8) - 14/(-2) is divided by 4/4 - 0 - 68/(-4)?
15
Let m = -466 - -471. Suppose -2*x + 3*d = -105, 29*x + 85 = 30*x + m*d. Calculate the remainder when x is divided by 41.
19
Let k(b) = 19*b**2 + 3*b - 5. Let x be k(-2). Suppose -x + 171 = 2*p. Calculate the remainder when p is divided by 11.
9
Let n(z) = -5*z**3 + 2*z**2 - 2*z + 22. What is the remainder when 115 is divided by n(0)?
5
Suppose 4*i + 217 = h, 2*h + 3*i - 203 = h. Let k = h - 489. Calculate the remainder when 45 is divided by (-6 - k/49) + 144/14.
5
Suppose -70*r = -71*r - 448. Let d = r + 481. What is the remainder when 94 is divided by d?
28
Suppose 13*a - 436 + 124 = 0. Suppose -10*g = -9*g - 2*b - a, -4*b = 3*g - 112. Calculate the remainder when 285 is divided by g.
29
Let n(h) = h**2 + 2*h + 3. Let u be (-2882)/(-26) - 44/(-286). Let m = 123 - u. Calculate the remainder when n(-5) is divided by m.
6
Let k(y) = -y**3 - 7*y**2 + 10*y + 10. Let x = -43 + 35. Let a be k(x). Let j(p) = -2*p**3 - 12*p**2 - 8*p + 4. What is the remainder when j(a) is divided by 6?
4
Let s(b) = -b**3 - 23*b**2 + 26*b + 48. Let l be s(-24). Suppose l = -c + 3*j - 37 + 107, -210 = -3*c - 5*j. Calculate the remainder when c is divided by 27.
16
Let u(c) = -c**3 - 8*c**2 + 11*c + 34. Let y(r) = r**3 - 4*r**2 - 2*r - 9. Let t be y(0). What is the remainder when 122 is divided by u(t)?
10
Let h(a) = a**3 - 12*a**2 - 12*a + 1. Let b = 253 - 240. What is the remainder when 123 is divided by h(b)?
11
Let j be 5*1 + (-8)/4. Suppose 2*p = -j*p + 85. What is the remainder when p is divided by 2/(-5) - 94/(-10)?
8
Let a(s) = -s**3 - s**2 - 2*s + 2. Let h be a(0). Let b be ((-21)/h)/(-1)*(12 + 12). Suppose 10*r = 3*r + b. What is the remainder when r is divided by 10?
6
Let g be 8 + 4/(-1) + 0. Suppose -2*k - 16 = -g*k. Calculate the remainder when 7 + 7 + -9 - -15 is divided by k.
4
Suppose 0 = 3*s - 2*r + 35, 5*s + 25 = 3*s + r. Let u(t) = 4 - 12*t + 26*t - 6 + t**2. Calculate the remainder when 63 is divided by u(s).
11
Let n = -266 - -246. Calculate the remainder when 40 - n - 1*6 is divided by 3.
0
Let p = -244 + 265. Suppose -p*h - 382 = -2419. What is the remainder when h is divided by 11?
9
Suppose -172 = -3*t + 53. Let m be ((-2)/(-2))/(4/192). Suppose -33*g - m = -36*g. Calculate the remainder when t is divided by g.
11
Let m(y) be the third derivative of -5*y**4/6 + 8*y**3/3 + 19*y**2. Let r be m(2). Let q = 7 - r. Calculate the remainder when 59 is divided by q.
28
Suppose -3*v = -7*v - 2*b + 1050, 2*v - 5*b = 519. Suppose -11*p = -8*p - 4*u - 48, -4*u = 3*p - 96. What is the remainder when v is divided by p?
22
Suppose 0 = u - 4, 455*v - 459*v = 3*u - 160. Calculate the remainder when 1660 is divided by v.
32
Suppose 4*y = 2*o + 2986, 0 = 3*y - 5*o - 759 - 1498. Calculate the remainder when y is divided by 366.
12
Suppose -3*x + 24 = -x. Suppose -x*h + 17*h = 1525. Calculate the remainder when h is divided by 14.
11
Let w(d) = -67*d**3 - 2*d**2 + 13*d + 13. What is the remainder when w(-1) is divided by 14?
9
Let w = 34 - 19. Suppose 3*k - 5 = 7. Suppose 2*a - 44 = -2*u, 0*u = -2*u + k*a + 62. What is the remainder when u is divided by w?
10
Suppose -n - 149 = -5*g - 4*n, 0 = -3*g - n + 91. Let a = g + -13. What is the remainder when 63 is divided by (-1)/(3 + -2) + a?
12
Let s be ((-24)/52)/3 - 6504/(-26). Let i = s + -207. Calculate the remainder when i is divided by 22.
21
Let b = 386 + -382. Let t = -8 + 15. Calculate the remainder when t is divided by -5 + 6 + (-3)/((-12)/b).
1
Suppose -s + 4*u + 355 = 0, 30*s - 31*s + 369 = 3*u. Calculate the remainder when s is divided by 338.
25
Suppose 0 = w + 2*n - 7*n - 4, -5*n + 41 = 4*w. Let a(i) = 2*i**2 + 87*i + 1022. What is the remainder when a(-23) is divided by w?
7
Let n = 6953 + -6072. What is the remainder when n is divided by 14?
13
What is the remainder when 1/7 + (-29 - (-65376)/224) is divided by 17?
8
Let i(w) = w**2 - 5*w + 15. Let r(k) = 1. Let j(h) = i(h) - 5*r(h). What is the remainder when 57 is divided by j(7)?
9
Let g = -3388 + 3444. Let q(w) = 49*w. Let s be q(-2). What is the remainder when 266/(-4)*g/s is divided by 10?
8
Let v(m) = -8*m - 29. Let n = 35 + -21. Let i be v(n). What is the remainder when (-3)/(-5) + i/(-15) is divided by 6?
4
Let p(l) = -67*l**2 + 5*l - 3. Let g(y) = -137*y**2 + 11*y - 5. Let j(i) = 6*g(i) - 13*p(i). Calculate the remainder when j(-3) is divided by 32.
31
Suppose 0 = -11*f + 15*f - s - 1952, -3*f = 18*s - 1539. Calculate the remainder when f is divided by 115.
29
Suppose 1270*n - 1044*n = 431208. Calculate the remainder when n is divided by 49.
46
Let c = 2672 + -2366. What is the remainder when c is divided by 30?
6
Let t be (49/(-28))/(((-3)/(-76))/(-3)). Let u = -110 + t. Calculate the remainder when 67 is divided by u.
21
Let b = 9795 - 6121. Suppose 21*y + 797 